site number?
True
Let b(w) = -7545*w + 10994. Is b(-61) composite?
True
Suppose 4*b - f = 17 + 8, 4*f = 5*b - 23. Let a be (b - 10) + 38*(3 - 2). Is 2/(2/131)*245/a prime?
False
Suppose 22 + 21 = 3*d + s, 4*d - 3*s = 79. Suppose -633 = 15*b - d*b. Suppose 0 = -11*u + 14*u - b. Is u prime?
True
Let u = 179 - 150. Suppose u*h = 13*h + 137744. Is h prime?
True
Let b be 4*1 + 58 + -2. Let r = b + -58. Suppose -r*j - 5*j + 5621 = 0. Is j a composite number?
True
Let u = 2779 + 6124. Is u composite?
True
Suppose 5*r + 4 = 9. Suppose 4*x = r + 15. Is 2/(x - 414/105) prime?
False
Let c be (-6)/48 - (3 + (-6498)/16). Suppose 3*v + c = 2*b, -b - 614 = -4*b - 5*v. Is b a prime number?
False
Let c(l) = -l**3 + l**2 + l + 1. Suppose 0 = -3*s + 6*s + 3. Let g(b) = -3*b**3 + 3*b**2 + 4*b - 1099. Let z(d) = s*g(d) + 4*c(d). Is z(0) a composite number?
False
Is 5*15/(1050/215894) a composite number?
True
Suppose 80*b = a + 84*b - 68977, 3*a - 206938 = -5*b. Is a a prime number?
False
Suppose -6*v = -5 - 7. Let c be v/2 - (3 + -5). Suppose -j + 3*k + 328 = 0, 4*j + 2*k + c*k = 1363. Is j a prime number?
True
Suppose -8948 = -3*u - 5*j, 1389 + 4588 = 2*u + 5*j. Is u prime?
True
Let c(s) = 17*s + 3. Let i be (-1 + (-4)/(-3))*21/(-7). Let j be c(i). Let y(z) = 10*z**2 + 17*z + 9. Is y(j) a composite number?
True
Let n(b) = -1241*b**2 + 5*b + 3. Let j be n(-3). Is (j/(-12) + 5)/(3/8) a composite number?
True
Let l be (-2)/(-11) - 5498/(-11). Let u = 518 - 277. Let y = l - u. Is y a composite number?
True
Suppose -2*g - 10069 = -s, -39*s - 3*g = -44*s + 50317. Is s prime?
True
Suppose 2*h = 3*w - 0*h - 221445, 24 = 4*h. Is w composite?
False
Let u(y) = y**3 + 2*y**2 - 3*y + 25. Let h be u(0). Suppose 0 = -11*s + 6*s + h. Is (s - (-94)/(-18)) + 36348/27 a prime number?
False
Suppose 0 = -53*n - 240 + 664. Suppose -4*d = 5*p - 23541, -d + n = 4. Is p prime?
False
Suppose -36 = -21*q + 6. Suppose 3*o = q*z - 22313, z - 6*z + 55760 = -3*o. Is z prime?
True
Suppose -4*m = 34*s - 30*s - 1592340, 2*m - 796180 = 3*s. Is m prime?
True
Let d(r) = 284*r**3 + r**2 - 2*r + 1. Let u be d(-4). Let z = -7562 - u. Is z prime?
True
Let q be 140673/(-9) + (-120)/18 + 7. Let h = q - -22477. Is h prime?
False
Suppose 102543 = 42*h - 23*h. Suppose -5336 - h = -5*n - 4*x, -5*n + 10757 = -4*x. Is n composite?
True
Let n = -1127269 + 1630456. Is n a composite number?
True
Suppose -y + 2*s + 61993 = 0, -309965 = -5*y - 18*s + 19*s. Is y a prime number?
False
Let g be -475 - (-1 + -1)*2. Let t = g - -166. Is -1*(t - 0 - 2) prime?
True
Suppose 0 = 2*f - 28*f - 59714 + 1083568. Is f prime?
False
Suppose -574917 + 134115 = 9*q. Is (-10)/((27/q)/(1/4)) composite?
True
Let u = 1384243 - 838100. Is 1/(-5) - u/(-65) composite?
True
Let z(m) = 11 - m + 5*m - 3*m + 12. Let f be z(-22). Is 5 - 3 - (-2 - (f - -606)) composite?
True
Let i = -349 + 622. Suppose 10*b + 3*b - i = 0. Suppose 0 = b*v - 27*v + 4314. Is v a composite number?
False
Let d(w) be the first derivative of -5*w**4/6 - 17*w**3/6 - w**2/2 - 13. Let f(a) be the second derivative of d(a). Is f(-8) composite?
True
Is 347128*((-1116)/(-480) - (-22)/(-10)) prime?
True
Suppose 5*u + 968889 - 4965628 = -2*x, -2398044 = -3*u - x. Is u a composite number?
True
Suppose -7*k + 10*k + 117 = 0. Let v = 36 + k. Is v + (1000 + -3 - 3) a composite number?
False
Suppose 4*k + 0*k = 2*k. Suppose k = -17*t + 21*t - 3352. Suppose -l = 3*m - 3011 + 497, m - t = 3*l. Is m a composite number?
True
Let g(k) = k**2 + k - 9. Let p be g(-4). Suppose -p*z = 4*m - 2879, 0*z = 2*z - m - 1901. Is z prime?
True
Suppose 696 = 5*k + h + 9421, 0 = 4*k - 4*h + 6956. Let c = k + 6387. Is c prime?
True
Let r(s) = 12*s - 3*s + 5*s. Let u be r(1). Suppose -u*o = -9*o - 1465. Is o a composite number?
False
Let g be 178/5 - (18/(-5))/9. Is 707574/g + 7/42 a prime number?
False
Let k(m) = 5*m**2 - 51*m + 44. Let f be k(26). Let y = 4029 - f. Is y prime?
True
Let q be (-136424)/(-4)*6/(-12)*-1. Suppose 15*r - 137188 + q = 0. Is r a prime number?
True
Suppose 32*q + 44638 = 54*q. Is q a composite number?
False
Suppose -3*l + 2115629 = 4*m, -2*m - 5*l + 351078 + 706719 = 0. Is m prime?
True
Let o(d) = 578*d**2 - d - 1. Let h be o(2). Suppose -2*i + 4 = -c - 3, -24 = -5*i - 4*c. Is (h + -2)*i/12 prime?
True
Suppose -f + 7837 = -3*c + c, 0 = -4*c. Is f prime?
False
Suppose 18*l = 23*l. Is 2 + 854 + 3 + l + -6 a prime number?
True
Suppose -21 = 3*i, 5*c + 91*i = 96*i + 429990. Is c prime?
True
Suppose -4*f - 247 + 21987 + 5472 = 0. Is f composite?
False
Let l(s) = 7074*s + 29. Let x be l(-4). Let v = -8018 - x. Is v a prime number?
True
Suppose 0 = -3*k - p - 36 - 33, 0 = 5*k + 2*p + 114. Is (-536)/(-2) + k + 19 a prime number?
True
Suppose -2*g - 3*t + 5312 = t, -5*g + 13253 = t. Let f = -1479 + g. Is f prime?
True
Let j = -3409 + 10727. Is j prime?
False
Let r(u) be the first derivative of -91*u**4/2 - 3*u**3 - 13*u**2 + 8*u + 239. Is r(-3) composite?
False
Let l be ((-8)/(-5))/(13/(65/2)). Let n = 734 - -438. Suppose l*w = -0*w + n. Is w a prime number?
True
Let q(d) = -2*d**3 + 10*d**2 - 9*d + 20. Let y be q(9). Let s = y - -1894. Let w = s + -202. Is w prime?
True
Let f be (-3 + 1)/(451/(-33) + 13). Is 2473 + (7 - f/1) composite?
False
Let z = 252 + -268. Is ((-15314)/z - -1) + (-13)/104 a composite number?
True
Suppose -4*p - 63 = -3*g, 0 = -4*g + 2*p + 28 + 46. Suppose 19*l - g*l = 6262. Is l prime?
False
Let d(a) = 43*a**3 + 27*a**2 - 54*a + 5. Is d(18) composite?
True
Suppose 2*v + 3 = -i + 1, -5*v = 5*i + 25. Let m be ((-34118)/(-6))/(i/(-24)). Suppose -c - m = -8*c. Is c a composite number?
False
Suppose -27*r = -6*r - 830571. Is r composite?
False
Let f(n) = 9*n - 7. Let u be f(9). Suppose -9*g + 7*g + u = 0. Let a = 43 - g. Is a a prime number?
False
Let a(i) = 499*i**2 - i - 4. Let v be a(-3). Suppose 18*w = 21*w + 7311. Let c = w + v. Is c a prime number?
True
Suppose -7*c = -6*c + 9774 - 38525. Is c composite?
False
Suppose 4*m = -51*k + 35*k + 2556568, 0 = k - 3*m - 159805. Is k composite?
False
Suppose -r + 1 = 0, 3*r + 1283 = -v - 2581. Let z = 8618 + v. Is z composite?
False
Is (0 - (-412)/(-10))/(138/(-345)) a prime number?
True
Suppose 17 - 1 = 4*u. Let m be 2 - 1 - (0 + u). Is 3*70 - (0 + (m - -2)) composite?
False
Suppose 147*b - 760 = 143*b. Suppose 23*d = 4*d - b. Is (-9016)/d + (-2)/((-20)/(-6)) composite?
True
Let k(f) = -f**3 - 19*f**2 - 2*f - 28. Let x be k(-19). Let c(v) = 10*v**2 - 16*v + 13 - 13*v + 11*v**2. Is c(x) a prime number?
True
Suppose -6097 = 3*c + 4*c. Let k = c + 408. Let f = -278 - k. Is f a prime number?
False
Let i be (-2)/8 + 7474*(-3)/(-24). Let l = -870 - i. Let b = l - -2717. Is b a prime number?
False
Suppose t + 2*c - 161 = 0, -5*t + 829 - 63 = -3*c. Let m = t + -277. Let k = m - -199. Is k composite?
True
Let j = 26 - 25. Let z = j + 4. Suppose -705 - 6950 = -z*m. Is m a prime number?
True
Is (-2)/6*(9/6)/((-99)/118956618) prime?
True
Is (-3)/4*27017664/(-144) composite?
False
Suppose 0 = 9*a + 41 - 5. Is 8844 - 5/(-5) - a composite?
False
Suppose -2 = -2*b - 0, -5*b + 89 = -3*w. Is 4620 + (-7)/w*4 a prime number?
True
Let j(l) = l**2 - 227*l - 607. Is j(-65) a composite number?
True
Suppose 99857 = -4*x + 267400 + 158477. Is x a prime number?
False
Let o = -1000 + 2645. Let t(j) = -74*j**2 + 11*j - 20. Let k be t(4). Let r = o + k. Is r a prime number?
False
Suppose f - 3*d - 10 = 0, -d = 5*f - 171 + 41. Is (0 + 17)*6425/f a prime number?
False
Let m = -381 + 383. Suppose -3*x - 33443 = -m*s, 10583 + 6135 = s - 5*x. Is s prime?
False
Suppose 4*m + 2*j - 3*j = 10, -3*m - 2*j = -13. Let f be 4/(-12)*m*-3. Suppose f*s - 7*s = -3940. Is s a composite number?
True
Suppose 12*m + 13764 = -59280. Let h = m - -19120. Is h a prime number?
True
Suppose -66*w + 1454943 + 2199764 + 12593107 = 0. Is w a prime number?
False
Suppose 0 = 4*r + t - 12, -40 = -4*r + 5*t - 4. Suppose -r*b - 6146 = -6*b. Is b a prime number?
False
Let u = 12 - 9. Suppose -u*x - 2*n + 2767 = 3*n, -4*n - 4661 = -5*x. Is x composite?
False
Suppose -4*a + 330651 = 3*q, 4*q - 7*q - a + 330651 = 0. Is q composite?
True
Let k be (-415448)/11*(-2)/8. Suppose 2*b + 4934 = -5*g + 28539, k = 2*g - 2*b. Is g composite?
False
Let c be -1 - (-4*8380/8)/(-1). Let b = c + 6733